ate -15 - -2 - (-184 - -171).
0
Calculate (2 - 33 - (-3 + -5)) + -7.
-30
Evaluate 1 - 3 - (3 + 2 + 2) - -3.
-6
What is the value of 16 + -2 - (142 - 120)?
-8
Calculate (-17 - (14 - 11)) + 24.
4
Evaluate (-4 - (-12 - -3)) + 21.
26
Evaluate 1 - (-13 + 27 + 3).
-16
Calculate (29 + -42 - -13) + (1 - -1).
2
-5 + -8 + (-9 - -11) + 9
-2
What is the value of (-8 - -8) + (-16 - -7 - -17)?
8
What is the value of -3 + (-6 - (-8 - -13) - 3)?
-17
What is 5 + -35 - (-3 - 16)?
-11
What is -1 - 0 - (-4 - 0) - (-60 + 60)?
3
(2 - 11) + 107 + -93
5
What is -26 + 29 + -1 + 83 + -97?
-12
Calculate 3 + 14 - (-226 + 215).
28
What is the value of -10 - (-11 - (7 + -21))?
-13
What is 22 + -15 + 13 + -3 + 3?
20
What is -8 + (-1 - (1 + -4))?
-6
41 + -6 - (-21 + (-5 - -35))
26
Evaluate 4 + -10 + (-5 - 3 - (-21 - -5)).
2
(0 - (-6 + -5 + 14)) + 25
22
What is (-2 - 22) + (-6 - (7 + 11 + -31))?
-17
What is the value of 6 - (5 - (3 + -14) - 11)?
1
Calculate 23 + (28 - (10 + 9)).
32
-1 - 1 - 18 - -13
-7
Evaluate 10 - (-20 + 39) - -18.
9
What is 14 + -12 + -3 + 6 + 11?
16
Evaluate -12 - -7 - (-3 + 4 + (-4 - -15)).
-17
What is the value of -9 + 2 + -399 + 427?
21
-18 - (6 - (-10 - -29))
-5
What is (-1 - -1) + (10 - 9) + -4?
-3
Calculate (15 - (2 - -25)) + 8 + (-3 - -1).
-6
6 + -28 + (-65 - -91)
4
What is the value of 1 - 4 - ((-11 - -4) + 0 - 0)?
4
What is the value of (19 - (25 - 36)) + -41?
-11
Evaluate -4 + 0 + (30 - 23) + -8 + -18.
-23
(4 + 16 - 27 - -8) + 6 + 1
8
Evaluate (1 - -13) + -14 - 9.
-9
Evaluate (19 - 1) + (-12 - -6).
12
19 - (79 + -9 + -23)
-28
What is 15 - (-28 + 70 + -3)?
-24
Calculate 2 + -13 - (5 + -12).
-4
Calculate 6 + (-29 + 0 + -4 - (32 + -35)).
-24
5 + 5 + -18 + (-14 - (6 + -20))
-8
Calculate (-1 - (1 + -4)) + -11.
-9
Calculate 2 + -23 + 101 + -88 + -12.
-20
13 + (-6 - (1 - (8 - 5))) + -1
8
Evaluate 2 + (2 - (-6 + -4 + 25)) + 3.
-8
Evaluate 2 + (5 + 20 + -6 - -6) - 10.
17
Calculate 25 + -17 + (-7 - -4).
5
What is the value of (0 + 2 - (3 + 4 - 8)) + 8?
11
-10 - (5 + 5 - 3 - 4)
-13
Calculate (-19 + 15 - 2) + 17.
11
What is the value of (24 - 2) + -8 - (-8 + 13)?
9
Evaluate 13 - (-5 - -48 - 9).
-21
What is -1 - (-5 + 5 + (2 - 15 - -5))?
7
Calculate -9 - (20 - 22 - (-1 - 1)).
-9
What is (-7 - -1 - 8) + 12 - (7 + 0)?
-9
What is 2 - (32 - (27 - 22))?
-25
Evaluate 21 + 2 + -20 + -3 + -13.
-13
-111 + 106 - (0 - -2 - -2)
-9
What is the value of (0 - 1) + (63 - (8 - -47))?
7
What is -3 + (12 - 26) + 13 + 6 + 0?
2
What is the value of 30 + 38 + -33 + (-13 - 1)?
21
What is (105 + -131 - (1 + -1)) + 0 + -3?
-29
What is the value of 1 - -25 - (3 + 4)?
19
Evaluate -6 - 5 - (-60 + 31).
18
Evaluate -15 + -17 - -57 - 32.
-7
What is (5 - -1) + (-73 - -49)?
-18
Calculate -6 + 41 + -20 + -7.
8
What is -7 + 5 + 30 + -20?
8
Calculate -53 - (-3 + -20) - -5.
-25
2 - -5 - 11 - (18 + -1 + -4)
-17
What is 5 - ((-6 - (-12 + 7)) + 6)?
0
What is the value of -3 - ((-18 - -30) + -30)?
15
-2 + 0 - (-1 + (-19 - -8))
10
What is the value of 22 - (36 - (4 + 10))?
0
297 + -297 - (-18 - 0)
18
Calculate -44 + 53 - (2 - -11).
-4
What is (-5 - -11) + -6 + (2 - 0)?
2
Evaluate -6 - (3 - (2 - (-4 - 1))) - -6.
4
-2 - ((-1 - (3 + 6)) + 13) - 4
-9
Calculate 15 + 10 - (-23 + 58).
-10
What is 17 + (-1 - (-5 + 14)) - (0 - -8)?
-1
What is the value of 1 + 2 - (-138 - -126)?
15
What is -19 + 17 - -8 - (-28 - -1)?
33
Calculate 30 + -27 - ((2 - 0) + (-5 - 3)).
9
What is 34 + 12 + -29 + -25?
-8
Calculate -5 + 17 + 2 + -2 - -5.
17
What is 4 - (6 - (-10 + 8) - (1 + 4))?
1
What is the value of -44 + 16 + 6 - -12?
-10
What is (15 - 5) + 4 + (-10 - 0 - -3)?
7
-5 - (-2 + (-3 + -7 - 6) + 2)
11
Calculate -13 + ((-1 - 5) + 8 - 1).
-12
Evaluate 726 - 746 - (-39 - 2).
21
Evaluate -23 + 2 - (-46 - -17) - (-1 + -10).
19
Calculate (-5 + -6 - (30 + -46)) + -8.
-3
What is 13 + (-51 - -25) + 20?
7
Calculate 28 + -36 - (-9 + 1).
0
887 + -869 - (11 - (0 + 1))
8
Evaluate (11 - -9) + -17 + -14.
-11
-10 + 2 + (-34 - (-28 + -3 + 14))
-25
Calculate 1 + 0 + 2 + -30 + 33.
6
Calculate -4 + (6 - (-5 + 10)) + 0 - 14.
-17
-8 - -2 - (98 + -100)
-4
What is the value of (1 - -2) + (46 - 43) - (6 - 1)?
1
Calculate -13 + -11 + 17 - (-6 + 3).
-4
What is (-4 - -3) + -25 - (-1 + -4 - -4)?
-25
Evaluate 14 + (16 - (42 + -13)).
1
Calculate 11 + (-16 - -13) + 3.
11
What is 7 + (20 - 12) + -10?
5
Evaluate (4 - 5) + (-27 - -44 - 2).
14
What is 1 + (3 - 2) + 0 + 1 + 6?
9
Calculate 3 + (-8 - 4) + 3 + 2.
-4
What is -18 + 0 + 43 + -21?
4
Evaluate -19 + 3 + 11 + 18.
13
What is the value of -16 - (-39 + -6 + 15)?
14
Evaluate 32 + 25 + -106 - -18.
-31
Evaluate 2 - ((-14 - -4) + 14 - (1 - 0)).
-1
Calculate -27 - -2 - (-7 + -35).
17
Evaluate (-9 - 3) + -3 - (111 - 111).
-15
What is the value of -28 - (19 - 2 - (53 - 31))?
-23
What is (5 - 8 - -7) + -28?
-24
Calculate 5 - (0 - (2 + -7 + 8 + 1)).
9
What is 5 + -7 + -63 + 86?
21
40 - (1 + 22) - 2
15
Evaluate (33 - 2) + -133 + 135.
33
What is the value of -37 - -39 - (-1 - (-2 + 2)) - 6?
-3
12 - (22 - 8 - -18)
-20
30 + -59 + (-3 - 1) + -5
-38
What is the value of (1 - ((-29 - 8) + 8)) + -13?
17
What is (5 - 16) + 0 + (3 - 8)?
-16
-42 + 8 + 46 - (-6 + 1 - 2)
19
What is (-19 - -22) + -1 + 1 + -5 + 8?
6
Evaluate 8 - (3 - (15 - 1)).
19
Calculate 15 - (-18 - -10) - 22.
1
Calculate (-5 - (9 + -9)) + 25 - 3.
17
What is the value of -9 - 4 - (-2 - 6)?
-5
Evaluate -28 - (13 - 27) - (-3 - 3).
-8
-18 + 19 - (11 - -4)
-14
Calculate 1 - (-15 + 27 + -10) - 14.
-15
What is the value of 1 + -5 - (8 - (15 + -16))?
-13
What is (0 - (1 + -6)) + -90 + 92 - 34?
-27
Calculate (16 - 14) + -1 + -1.
0
What is the value of 2 - -6 - (16 - (26 - -5) - -8)?
15
What is 0 + (-4 - 11) + 3?
-12
(-23 - -27) + -64 + 40
-20
Evaluate -9 - (-16 + 20 + -16) - (-4 - 1).
8
What is the value of -6 + 4 + (-25 - -25)?
-2
What is the value of (4 + -9 - -6 - (-4 + 46)) + 8?
-33
Evaluate -5 + (-2 - -1) - 3 - 3 - 11.
-23
(18 - (2 + -18 + 35)) + -21
-22
Evaluate 4 - 0 - ((-1 - -2) + -499 + 500).
2
Calculate -1 + (-39 - -35 - (-3 + (18 - 2))).
-18
Evaluate -26 - -11 - (-13 + 2).
-4
Calculate 5 + -1 + (8 - 6) - 3 - 10.
-7
What is -3 - (-3 + 4 + 0) - -6 - 10?
-8
What is 4 + (-7 - -11 - -11 - 4)?
15
Evaluate 8 + 0 - ((-1 - -5) + 8 + -10).
6
What is (21 - 1) + (209 - 225)?
4
-5 + -1 + 1 + (-205 - -201)
-9
Calculate 16 + 5 + -26 + 10.
5
What is the value of 52 + (-11 - (7 - -12))?
22
Calculate -7 + -11 + 3 + -8 + 1 + 2.
-20
Calculate 39 + 0 + -25 + (-2 - -12) + 5.
29
-18 - ((-25 - -10) + 5)
-8
Calculate (4 - -8) + -6 + -2.
4
Calculate -12 - ((-9 - -5) + -2).
-6
12 + (-1 - 3) + 2
10
Calculate -8 - (1 + 4 + (-11 - -8 - -3)).
-13
Evaluate (-14 - -2) + (-4 + 6 - 4) + 10.
-4
Evaluate (-194 - -177) + (-2 - 5 - 0).
-24
Evaluate -12 + 5 + 0 + -5 + 13 + -3.
-2
What is 0 + (57 + -16 - 53) + -1 + 7?
-6
Calculate -8 + 0 - (8 + (3 - (18 - -9))).
8
Evaluate -2 + 0 - ((10 + -12 - 11) + 20).
-9
What is the value of 10 - ((0 - -2) + 3) - -3?
8
Calculate 0 - -6 - (-108 - -79) - (4 + 6).
25
-21 + -5 - (99 - 119)
-6
What is the value of -1 + -6 - (-63 - -71)?
-15
Calculate 9 - (-7 - ((1 - 3) + -5)).
9
What is the value of 9 - 3 - (-291 - -299)?
-2
0 - 0 - (-6 - (-2 + (-4 - 4)))
-4
Calculate -1 + (-11 - (12 + -27)) - (0 + 18).
-15
Calculate 23 - (-15 + 21 - -9).
8
Calculate -7 + (-27 + 29 - (-10 + -1)).
6
-7 - -23 - (90 + -70)
-4
Evaluate 11 + (9 - -4) + -25.
-1
Evaluate 5 + (2 + (-3 - 6) - (-9 + 30)).
-23
Calculate -11 + (17 - (-2 + (-6 - -17))) + -4.
-7
-30 + (0 - -4) - (9 + -2 + -15)
-18
What is (-20 - (10 - 8)) + 10 - (-1 + 8)?
-19
Calculate -12 - (-8 - 2 - 1).
-1
What is 16 - 0 - (-22 + 58 - 41)?
21
What is the value of 10 - (34 - (39 - 22))?
-7
Evaluate (9 - -1 - (125 + -117)) + -2.
0
What is the value of -4 + (7 - -5 - 3) + -4?
1
Evaluate -1 - -16 - (67 + -1 + -49).
-2
What is the value of 39 + -5 - ((29 - 11) + -8)?
24
-254 + 259 + (-32 - (2 + -3) - 0)
-26
(1 - 1) + 19 - (0 - 4 - -10)
13
Evaluate (187 - 211) + 0 + 10.
-14
6 - (1 + -10 - -1 - -6)
8
What is the value of (-18 - -3) + (26 + -28 - (5 + -2))?
-20
Evaluate -13 + 6 + 1 + 1.
-5
What is the value of -16 - ((5 - 20) + 11)?
-12
Calculate 11 - (-3 - (3 - (16 + 1))).
0
Evaluate -5 + 6 - (-5 - (-5 + 10)).
11
What is the value of -1 - (-28 - (7 + (3 - 6 - 1)))?
30
-12 - (12 - 13) - -16
5
Evaluate -25 - (0 + -22) - (2 - (3 + 